 + 11*o. Suppose -212 = 18*h - o*h. What are the prime factors of h?
53
Suppose -12*o + 17*o - 8330 = 0. Let n = -958 + o. Suppose -n = -3*v - 3*v. List the prime factors of v.
2, 59
Suppose 4*i + 86*v - 40408 = 85*v, 8 = -2*v. List the prime factors of i.
10103
Let g = -29 + 3825. Suppose -81*c = -94*c + g. What are the prime factors of c?
2, 73
Let n(d) = -d**3 - 5*d**2 - 8*d - 10. Let h be n(-4). Suppose 4*c - 306 = -y, -h = -5*y + 2*y. Suppose -3*z + 331 - c = 0. What are the prime factors of z?
5, 17
Let q(a) be the third derivative of -7*a**5/20 - 10*a**2. Let i be q(-1). Let m = i - -36. What are the prime factors of m?
3, 5
Let l(n) = -2*n**2 - 27*n + 91. Let c(m) = -m**2 - 14*m + 45. Let r(h) = 5*c(h) - 2*l(h). Let g be r(-18). List the prime factors of g*-5*(-4 - 16/56).
2, 3, 5
Let b(z) = 3*z - 26. Let u(t) = 5*t + t + t - 8*t. Let v(s) = -b(s) - 2*u(s). What are the prime factors of v(10)?
2
What are the prime factors of (0 + 14 + -21)*-1360?
2, 5, 7, 17
Let n = -36 + -280. Let b = 226 + n. Let c = 191 + b. What are the prime factors of c?
101
Suppose 0 = -11*c - 9758 + 60083. Suppose -596*g + 601*g - c = 0. List the prime factors of g.
3, 5, 61
Suppose 21*f = m + 22*f - 8855, -44219 = -5*m + 3*f. List the prime factors of m.
2, 7, 79
Suppose 0 = -33*t - 76*t + 14*t + 689035. List the prime factors of t.
7253
Suppose -5888 = -3*w - 58*y + 56*y, -9825 = -5*w - y. What are the prime factors of w?
2, 983
Let t be 2/(-1) - (-1049 - 1). Suppose -3*x - x = -t. Let f = x + -172. What are the prime factors of f?
2, 3, 5
Let q(f) be the second derivative of 13*f - 5*f**2 - 1/2*f**4 + 1/20*f**5 + 0 + 7/6*f**3. What are the prime factors of q(7)?
2, 11
Let l = 196 + -49. Suppose -d = -l + 4. What are the prime factors of d?
11, 13
Suppose 3*a = -9 - 3, -5*q - a - 79 = 0. List the prime factors of (-43)/(-1) + (-5)/((-25)/q).
2, 5
Let w be 30/(-8) + 3 - (-93)/(-4). Let g be w/120 + ((-196)/10)/2. List the prime factors of 6*(2/g)/((-16)/1320).
3, 11
Let j = 29052 - 19913. What are the prime factors of j?
13, 19, 37
Let m(k) = 24*k**2 + 10*k - 60. What are the prime factors of m(26)?
2, 2053
Suppose -4*o + 3*o + 5*v = 20, 5*o = -5*v - 250. Let l = o + 50. List the prime factors of (84 - 1) + l + -8.
2, 5
Suppose 308*u + 22*u - 532220 = 31*u. What are the prime factors of u?
2, 5, 89
Suppose 219346 = 31*l - 2614. What are the prime factors of l?
2, 5, 179
Suppose -23423 = -14*k + 37916 + 42863. List the prime factors of k.
3, 827
Let o = 542 - 781. Let k = 165 + o. Let f = k - -157. What are the prime factors of f?
83
Suppose 6 = 14*w - 12*w. Suppose w*q = -4*m + 3682, 0 = -q - 0*q - m + 1229. What are the prime factors of q?
2, 617
Let m(v) = -89*v**2 + 20 + 13*v + 191*v**2 + 3 - 85*v**2. What are the prime factors of m(8)?
3, 5
Let g(u) = u**2 + 9*u - 93. Let t be g(17). Let i = 631 - t. What are the prime factors of i?
2, 3, 47
What are the prime factors of 6/(-93) + 12 + (-15722720)/(-248)?
2, 5, 17, 373
Suppose 0 = 8*m - 18*m + 29430. Suppose -a + m = 4*x, -2*a = 5 - 3. What are the prime factors of x?
2, 23
Suppose 0 = -15*s + 11*s + 196. Let r = -47 + s. Suppose -r*a - 4*o = -6, a + o - 7 = -0. List the prime factors of a.
11
Let w = -14 - -16. Suppose 2*c = m - 20, -w*m + 3 + 5 = 0. Let k(t) = -t**3 - 9*t**2 - 16*t - 9. What are the prime factors of k(c)?
5, 11
Let a = 43998 + -25806. What are the prime factors of a?
2, 3, 379
Suppose 0*b + 2*b - 12 = 0. Suppose 8*q = 10*q - b. Suppose 5*z = -3*d + 3 + 15, 3*z + q*d - 12 = 0. List the prime factors of z.
3
Let y = 111503 + -75841. What are the prime factors of y?
2, 11, 1621
Let k(v) be the second derivative of 40*v**3/3 - 9*v**2 - 136*v. What are the prime factors of k(2)?
2, 71
Let s = -4892 - -11303. List the prime factors of s.
3, 2137
Let n(h) = h**3 - 33*h**2 - 68*h - 40. What are the prime factors of n(36)?
2, 5, 7
What are the prime factors of (-3 + 150/35)*(17 - -2664)?
3, 383
Suppose 804 = 24*r - 23*r - 505. What are the prime factors of r?
7, 11, 17
Suppose -2*q + 916 + 372 = 0. Let w = 1629 - q. What are the prime factors of w?
5, 197
What are the prime factors of (-5)/(-40) + (5 - (-92895)/8)?
11617
Let x(g) = -g**3 - 12*g**2 - 2*g - 20. Let h be x(-12). Suppose -h*u + z + 164 + 2250 = 0, -2*u = 3*z - 1200. List the prime factors of u.
3, 67
List the prime factors of (-438 - -435) + (1 + -3)/((-2)/38737).
2, 107, 181
Let w = -2350 - -13129. What are the prime factors of w?
3, 3593
What are the prime factors of (104503/3 - 13) + (-30)/(-18)?
97, 359
Let o(f) = 73*f**3 - 3*f + 7. Let b be o(-4). List the prime factors of 4 + 21/(-5) + b/(-15).
2, 5, 31
Let x be (298 - 15)/((-1)/1). Let j = -259 - x. What are the prime factors of j?
2, 3
Let u(n) = 2*n**2 + 6*n - 31. Suppose -18 = -2*q - 2*h, 6*q + 4*h + 24 = 8*q. List the prime factors of u(q).
229
List the prime factors of (-1*(2 + -1))/(-15 + (-508764)/(-33918)).
5653
Let j(k) = 170*k + 1. Let c(u) = u + 2. Let n(m) = -6*c(m) - j(m). List the prime factors of n(-1).
163
List the prime factors of (-13)/39 - (-41672)/24.
2, 7, 31
Let l be (-12)/(-66) - (-31)/11. Suppose 2*p + 4 = 2*k, -l*p = 3*k + 20 + 4. What are the prime factors of (k - 1)*1*-13?
2, 13
Let l = 110589 - 62715. What are the prime factors of l?
2, 3, 79, 101
Let m be 18/(4/20 - 14/(-80)). Suppose -5*x = -x + b + m, -3*b - 1 = x. List the prime factors of -1*8/52 - 2004/x.
2, 7, 11
Let h(x) = 20*x**2 + 17*x + 8. Let i be h(-6). Suppose -9*k = -427 - i. What are the prime factors of k?
3, 13
List the prime factors of (19 + -4 - -20384)*1.
20399
Let w(d) = 2848*d**2 - 17*d + 54. What are the prime factors of w(4)?
2, 22777
Let a be (110/2 - -3) + 4. Let l = 989 + a. List the prime factors of l.
1051
Let s = -623 - -1155. Let a = s + -286. What are the prime factors of a?
2, 3, 41
Let t(q) = -6*q + 83. Let v be t(13). Let y(f) = 5*f**3 + 12*f**2 - 7*f + 17. What are the prime factors of y(v)?
907
What are the prime factors of 0*8/(-40) - (740*-27)/3?
2, 3, 5, 37
Suppose 4*x - 5*x - 3*j + 2347 = 0, 0 = 2*x - 3*j - 4694. Let i = -1025 + x. What are the prime factors of i?
2, 661
Suppose 0 = 5*v + 4*z - 76, -4*z - 49 = -4*v - 17. Let x be 4 + -1 - -12*(-4)/v. List the prime factors of 76 + 2 + x/1.
7, 11
Let p be 0 + (0 - 2/2). Let s = 33 + p. List the prime factors of s.
2
Suppose 40*u = -93*u + 562723. List the prime factors of u.
4231
Suppose 4*p + 2*b = 1303 + 2055, -2*p + b = -1689. List the prime factors of p.
2, 421
Let t be 291/(7/((-14)/3)). Let m = 446 + t. List the prime factors of m.
2, 3, 7
Suppose -m - 76 + 78 = 0. Suppose -2*q - m*u = -7*u - 1419, 0 = -3*q + u + 2122. What are the prime factors of q?
7, 101
Let x(d) be the first derivative of 787*d**3/3 - 2*d + 174. List the prime factors of x(1).
5, 157
List the prime factors of ((-12)/10)/(120/(-891800)).
2, 7, 13
Let l be 8 - (2 + -2 - -3). Suppose -l*x = -217 - 53. Let o = -33 + x. List the prime factors of o.
3, 7
Let m be 64/(-480) + (-2)/(-15). Suppose m = -4*i + 540 + 276. List the prime factors of i.
2, 3, 17
Let g(h) = 136*h - 84. Let s be g(18). Suppose b - s = -5*b. What are the prime factors of b?
2, 197
Suppose -3 = -2*j + 1. Let p be j/((-22)/(-20) - 21/35). Suppose 0 = p*t - 601 - 191. List the prime factors of t.
2, 3, 11
Let k(n) = -140*n + 4. Let b(d) = -209*d + 5. Let r(v) = 5*b(v) - 7*k(v). What are the prime factors of r(-5)?
2, 7, 23
Let z = -17782 + 32946. List the prime factors of z.
2, 17, 223
Let j(x) = -x**3 - 83*x**2 - 164*x + 92. What are the prime factors of j(-83)?
2, 3, 571
Suppose 9*d - 4*y = 4*d + 45871, -2*d = -4*y - 18358. What are the prime factors of d?
3, 1019
Let o(x) = -x**3 + 9*x**2 + 11*x - 10. Let q be o(10). Suppose -2*c - c + 54 = q. Let n = c + 5. What are the prime factors of n?
23
Suppose 3*h - 8 = p - 584, 1119 = 2*p + 5*h. Suppose 14*u - p = 7*u. What are the prime factors of (-18)/u - (-398)/9?
2, 11
Suppose 2*p - 34354 = -v, 0 = -187*p + 184*p - v + 51529. What are the prime factors of p?
3, 5, 229
Suppose -j - 224 = -3*r - 5*j, 4 = -j. List the prime factors of (r/(-15) - -2)/(4/(-246)).
5, 41
Suppose 27*c - 49*c + 88 = 0. Suppose -4444 = -c*a + 4*x, 3*x - 1504 + 385 = -a. What are the prime factors of a?
3, 7, 53
Suppose 17405625 = 71*s + 76*